- 12*h + 5. Let b(l) = 13*k(l) - 6*p(l). Let g be b(3). Let o = g - 20. What is the tens digit of o?
4
Let a be (-1)/(-5) + 696/20. Let r = a + -39. What is the tens digit of 1664/48*(-9)/r?
7
Let s be (1 + 2 - -1)/(-1). What is the tens digit of (45/(-3))/(6/s)?
1
Suppose 10 + 14 = 4*c. Suppose c = -5*l + 2*l. What is the units digit of (l/(-3))/((-4)/(-102))?
7
Let i(j) = 50*j - 148. What is the hundreds digit of i(6)?
1
Suppose 2*q + 3 - 37 = 2*g, 0 = g. Suppose -4*p + 3*b + q = -7, 5*b - 2 = 2*p. What is the units digit of p/36 - 222/(-8)?
8
Let i = -36 + 46. Let m = i + -4. What is the units digit of m?
6
Let i(d) = -14*d**3 - 2*d**2 - 1. Let g be i(-2). Suppose -2*k + 379 = g. What is the hundreds digit of k?
1
Let m = -3 + 8. Suppose 0*t = -t + 3*a + 13, -m*t - a = -49. What is the units digit of (-4)/t*(-19 + 4)?
6
Let g = -677 - -1568. What is the hundreds digit of g?
8
Suppose 5*c - 7 + 17 = 0. What is the units digit of (8/c)/((-2)/74)?
8
Let k(r) = 2*r + 20. Let f be k(-10). Suppose -4*m = -5*c + 576, m - 444 = -4*c - f*m. What is the tens digit of c?
1
Let b(w) = 3*w + 14. Let n(t) be the third derivative of t**4/4 + 29*t**3/6 - 8*t**2. Let p(s) = 13*b(s) - 6*n(s). What is the tens digit of p(5)?
2
Suppose -7*q - 6496 = -23*q. What is the tens digit of q?
0
Let p = 31 - 31. What is the units digit of (-2 + 4)*(p - 141/(-6))?
7
Suppose 0 = -4*u - 3*b + 66, -4*b - b - 65 = -5*u. Let j(x) = 3*x - 33. What is the units digit of j(u)?
2
Let v(y) = 172*y - 505. What is the hundreds digit of v(8)?
8
Let i be (-4 + -2)*2/(-3). Let n(h) be the first derivative of -h**4/4 + 4*h**3/3 + h**2 - 5*h + 7. What is the units digit of n(i)?
3
What is the units digit of (-253)/(-1) - (-23 - -21)?
5
Suppose 0 = 2*m - d + 4*d - 14, -5*m + 9 = d. Let l be (16/(-24))/(m/(-6)). Suppose -l*b + 4 + 13 = -z, 0 = -4*z + 2*b + 2. What is the units digit of z?
3
Let t = 3070 + -2142. What is the hundreds digit of t?
9
What is the hundreds digit of (-4)/14 - 208/(-91) - -302?
3
Let z(d) = -d**3 + 3*d**2 + d + 4. Let b = 9 - 6. Let n be z(b). Suppose 2*v - v - n = 0. What is the units digit of v?
7
Suppose -4*j + 40 = s, 3*s + 3*j = s + 60. What is the tens digit of (876/s)/(1/2)?
7
Suppose -3*t - 1500 = -2*x - x, 2*x - t = 999. What is the tens digit of x?
9
Let c be 5/(45/(-12))*(-5 + 2). Suppose g - 5*n = -2*n + 120, 0 = c*g - 3*n - 489. What is the hundreds digit of g?
1
Let b = 15058 - 10151. What is the thousands digit of b?
4
Suppose -21*l = -4784 - 15166. What is the units digit of l?
0
Let c = 7526 + -4925. What is the hundreds digit of c?
6
Suppose 0*u = -2*u + 2. Let f be 5*u*(-3)/(-5). What is the tens digit of 3*(96/9 - f)?
2
What is the tens digit of 12/(-108)*6*1*-6057?
3
Suppose 4*v - 98 = 46. Let h = v - 50. What is the units digit of (-7)/h*(-64)/(-2)?
6
Suppose -41*z - 22017 + 159613 = 0. What is the tens digit of z?
5
Let l = 3792 + -285. What is the thousands digit of l?
3
Let g(a) = -a - 9. Let v be g(-12). Suppose -12 = -o - 3*q + 4, 0 = -3*o - v*q + 18. What is the units digit of (o - (-36)/4) + 3?
3
Let g be (7/(-21))/(2/(-12)). Suppose -g*x + 1 = -s - 4, 4*x = -s - 23. Let p = 2 - s. What is the tens digit of p?
1
What is the tens digit of 12 - (11 - 81) - -5?
8
Suppose 0 = 3*m - 4 - 11. Suppose m*x - 331 = -4*c, 0*x = -2*c - 3*x + 163. What is the tens digit of c?
8
Let h = 45 - 90. Let z = 52 + h. What is the units digit of z?
7
Let l be (-4)/1 + 35 - 4. What is the tens digit of (73 - -1) + l/9?
7
Let w(q) = q**2 - 21*q + 50. Let y be w(20). Suppose y + 103 = m. What is the hundreds digit of m?
1
Suppose -14*s = -11*s - 5*u - 3820, u + 1274 = s. What is the thousands digit of s?
1
Suppose 4*r + 5*l + 1 = 0, 8*r + 29 = 3*r + 3*l. What is the tens digit of 1151/6 + r/(-24)?
9
What is the hundreds digit of (-1765)/(-10) - (-12)/(-8)?
1
Suppose 2*r + 1 = 5*t, 0*r + 50 = 5*r + 5*t. Let s be (10/6)/(r/21). Suppose -280 = -5*i + 5*d, -s*i = 4*d + 7 - 305. What is the tens digit of i?
5
Let d be 2 + (16 - (3 - 1))/2. Suppose -12*p + 129 = -d*p. What is the tens digit of p?
4
Suppose 8085 = 29*n - 64705. What is the tens digit of n?
1
What is the tens digit of 407/1 - (2 - 5)*1?
1
Suppose 4*v = -1135 + 2739. What is the hundreds digit of v?
4
Let r(l) = 3*l**2 - 24*l + 283. What is the units digit of r(9)?
0
What is the units digit of 238/(-68)*(-283 - -1)?
7
Let j(i) be the third derivative of 23*i**5/60 + i**4/6 - 5*i**3/6 - 7*i**2. What is the tens digit of j(3)?
1
Let t be -10*(-6)/4 - 1. Suppose -10 = 4*h + d - 0*d, t = -2*h + 4*d. Let p = h - -7. What is the units digit of p?
4
Let f be (-2238)/30 - (-4)/(-10). Let c = f - -118. What is the units digit of c?
3
Suppose -907*a = -899*a - 8504. What is the thousands digit of a?
1
Let x = -4 + 8. Suppose -5*b = x*m - 153, -5*m + b = 4*b - 201. What is the tens digit of m + (-9 - 3)/4?
3
Let d be -10*((-64)/(-40))/(-4). Suppose -3*v - 9 = 3. What is the units digit of (v/8)/(d/(-432))?
4
Let u = 17 + -7. Suppose u*l - 14*l + 120 = 0. What is the units digit of l?
0
Let b be (-162)/21*(-2 - 40). Suppose -4*k + b = 72. What is the units digit of k?
3
Let r = 52 - 50. Suppose 2*y = 4*y - r*q - 412, 5*y + 5*q - 1040 = 0. What is the hundreds digit of y?
2
Let c(j) = -j**2 + 15*j. Let k be c(7). Suppose 4*o = -0*o + k. Suppose -2*m + 0*m = 6, o = l - 3*m. What is the units digit of l?
5
Suppose -4*h + 2*u + 2666 = 0, -2*h + 3*u + 1343 = 4*u. What is the hundreds digit of h?
6
Suppose 196*i = 215*i - 67982. What is the thousands digit of i?
3
Suppose -4*o = 2*o. Suppose 2*g - 7*g + 30 = o. What is the tens digit of 148/g - (-2)/6?
2
Suppose -60*g + 5780 = -55*g. What is the units digit of g?
6
Suppose -6*p + 82 = -2*r - 4*p, 5*r + 5*p = -185. Let d = r - -61. Suppose -2*t + 6 = -d. What is the tens digit of t?
1
Let y be (-125)/(-20) + 1/(-4). Suppose g - u = 0, 5*u - y = g + 6. Suppose -3*z - 6 = 0, 0*z = g*s + 3*z - 84. What is the units digit of s?
0
Suppose -4*c = -0*c + 100. Let m = 134 + -196. Let o = c - m. What is the tens digit of o?
3
What is the hundreds digit of (10365/(-25))/(-4 + (-148)/(-40))?
3
Let s = -22 + 27. Suppose -2*b - 192 = -5*b + 3*f, -s*f = 4*b - 274. What is the units digit of b?
6
Let u(j) = j**2 - 5*j + 3. Let g be u(5). Suppose d - g*r = 161, 4*r - 729 = -5*d - 0*d. Let p = -83 + d. What is the units digit of p?
6
Let z be (-3)/((-3 + 8)/5). Let t = 5 + 9. Let d = z + t. What is the units digit of d?
1
Suppose 5 + 4 = 3*n. Suppose 3*m + 12 = 0, -n*p + 8 = -2*p - m. Suppose -k - t - 4*t = -1, 2*k - 58 = p*t. What is the units digit of k?
1
Let v(i) = -459*i + 121. What is the units digit of v(-5)?
6
Let o be 135/(-12)*(-56)/21. Let p = 130 - o. What is the units digit of p?
0
Suppose 0 = k + 37 - 140. Let w = -63 + k. What is the tens digit of w?
4
Let u = 46 - 66. Let p = u + 18. Let l = 11 - p. What is the tens digit of l?
1
Let d be 5/2 + (-2)/4. Suppose -7*i + 26*i = 9*i. Suppose d*o - 54 - 2 = i. What is the tens digit of o?
2
Suppose 20 = -5*a, 4*s - 5 = -3*a + 3. Suppose c = 0, 2*j + c = s + 15. Suppose -3*b + b = 3*g - 13, -2*b + j = 0. What is the units digit of g?
1
Let d = -11 + 8. Let u be (-14)/d - 7/(-21). Suppose 0*y - 5 = -u*y. What is the units digit of y?
1
Let s(f) = 6*f**3 + 122*f**2 + 31. What is the tens digit of s(-20)?
3
Suppose -2*i + 745 = i + b, 3*b - 1000 = -4*i. Let y = i - 57. What is the units digit of y?
0
Let y = -640 - -1330. What is the units digit of y?
0
Let u(a) = -7*a + 49. Let k(j) = -2*j + 12. Let f(i) = 9*k(i) - 2*u(i). Let d be f(5). Let v(c) = -2*c + 7. What is the tens digit of v(d)?
2
Let f(p) = -85*p + 7. Let k be f(-6). Suppose -3*w + 5*o = -508, w + 4*o - k = -2*w. What is the hundreds digit of w?
1
Suppose 0 = -y + 4*a + 19, -5*y + 2*y - 3*a + 102 = 0. Let q = y - 27. Suppose 17*i = 13*i + q. What is the units digit of i?
1
Suppose 4*n + 2*x = 6*x + 192, 3*x + 191 = 4*n. Suppose -45 = 2*u + t, -t - 12 = -5*t. Let q = n + u. What is the units digit of q?
3
Let a(d) be the second derivative of d**4/12 - 7*d**3/6 - d**2 - 3*d. Let g be a(8). Suppose g + 19 = -5*f, 3*f = -q + 9. What is the units digit of q?
4
Let v = -225 + 443. Let g = -148 + v. What is the units digit of g?
0
Suppose 4*q = 8*h - 6*h - 3726, -4*q + 